k(-8).
51
Let u(r) = r**2 + 16022*r + 4. Determine u(0).
4
Let l(m) = -88*m**2 + 130*m - 130. Determine l(1).
-88
Let w(p) = -p**3 + 35*p**2 + 883*p - 84. What is w(-17)?
-67
Let o(p) = -21901*p + 2847123. Determine o(130).
-7
Let w(g) = 6*g**2 + 9956*g - 29866. Calculate w(3).
56
Let m(o) = -5*o**2 - 1255*o - 8085. What is m(-7)?
455
Let a(h) = 856*h - 186666. Calculate a(217).
-914
Let a(o) = -12092*o - 24189. Give a(-2).
-5
Let f(g) = g**2 + 3879*g + 58022. Give f(-15).
62
Let j(d) = -2*d**3 + 128*d**2 + 1477*d - 10. Determine j(-10).
20
Let w(c) = -4*c**2 + 10*c + 114. Give w(-14).
-810
Let x(m) = -5*m**3 + 4*m**2 - 16*m + 97. What is x(6)?
-935
Let m(w) = 1028*w - 16962. Determine m(16).
-514
Let r(d) = d**3 - 8*d**2 - 30*d - 11. Determine r(14).
745
Let k(n) = 11*n**2 + 622*n - 188. Give k(-57).
97
Let g(l) = -338*l**2 + 2383*l - 191. Give g(7).
-72
Let u(z) = -27*z**3 - 248*z**2 + 2110*z + 19389. Give u(-9).
-6
Let a(i) = 4*i**3 + 15*i**2 - 5745*i - 22957. What is a(-4)?
7
Let i(q) = -q**3 + 57*q**2 - 364*q - 245. What is i(50)?
-945
Let b(p) = p**3 + 57*p**2 + 782*p - 836. What is b(-28)?
4
Let n(i) = -2206*i - 311105. Give n(-141).
-59
Let i(f) = -2889*f - 231117. Calculate i(-80).
3
Let n(l) = 111*l**3 + l**2 + 32207*l - 32208. What is n(1)?
111
Let f(z) = 13602*z - 1387390. Determine f(102).
14
Let k(j) = 14*j**2 - 31*j + 276. Determine k(8).
924
Let v(q) = 2*q**3 - 8*q**2 + 12169*q - 73172. Determine v(6).
-14
Let k(r) = -r**2 - 625*r - 94222. Determine k(-371).
12
Let k(a) = a**3 - 61*a**2 + 877*a - 3282. Calculate k(6).
0
Let z(s) = s**3 - 343*s**2 + 1720*s - 69. Give z(5).
81
Let s(p) = 1148*p + 1178. Determine s(-1).
30
Let r(u) = -4518*u - 72168. Give r(-16).
120
Let i(h) = -480533*h + 24026654. Determine i(50).
4
Let s(c) = -c**3 - 27*c**2 - 197*c - 429. Determine s(-4).
-9
Let n(y) = -19910*y + 617166. Calculate n(31).
-44
Let d(u) = 211498*u + 1268980. Calculate d(-6).
-8
Let p(q) = -227*q**2 - 9080*q - 88. What is p(-40)?
-88
Let d(n) = 26538*n - 132691. What is d(5)?
-1
Let i(b) = b**3 + 313*b**2 + 1238*b + 702. Give i(-309).
84
Let b(w) = w**3 - 12*w**2 + 26186*w - 314226. Calculate b(12).
6
Let g(j) = 113*j + 14018. What is g(-96)?
3170
Let v(c) = c**3 + 36*c**2 + 232*c + 55. Determine v(-25).
1130
Let n(p) = -83*p**2 - 41339*p - 2499. Calculate n(-498).
-9
Let d(z) = z**2 + 2371*z + 453808. Give d(-210).
-2
Let u(r) = -2*r**3 + 1355*r**2 - 619*r + 879353. Determine u(678).
-13
Let s(u) = 7546*u - 249060. Determine s(33).
-42
Let r(t) = -595*t + 2702. Calculate r(4).
322
Let v(f) = f**3 + 630*f**2 - 56789*f - 857. Give v(80).
23
Let j(m) = m**2 + 62*m + 1196. Determine j(-20).
356
Let b(y) = -6*y**3 + 1011*y**2 - 10385*y - 123. Determine b(11).
-13
Let y(z) = -549*z**2 + 20271*z + 1520. Calculate y(37).
-34
Let g(a) = a**3 + 90*a**2 - 1664*a - 7. Determine g(15).
-1342
Let k(u) = 2721*u + 291140. Calculate k(-107).
-7
Let a(b) = -32*b**2 + 403*b + 3253. Give a(-8).
-2019
Let h(n) = n**3 - 73*n**2 + 487*n - 10238. What is h(68)?
-242
Let s(a) = -a**3 + 7*a**2 - 111*a + 783. What is s(7)?
6
Let j(g) = 118*g**2 - 438*g + 2199. Calculate j(5).
2959
Let t(z) = 110*z**2 + 1035*z + 143. Give t(-8).
-1097
Let j(g) = -2*g**3 + 27*g**2 - 273*g + 3216. What is j(13)?
-164
Let t(l) = 3*l**3 - 807*l**2 + 3981*l - 5601. Determine t(264).
-57
Let k(m) = 293651*m + 2642968. Determine k(-9).
109
Let j(t) = 5*t**3 + 884*t**2 - 172*t + 833. Calculate j(-177).
-52
Let g(k) = -9*k**2 + 2950*k - 36232. Give g(315).
-7
Let f(s) = 8*s**2 + 37220*s + 186096. Give f(-5).
196
Let b(r) = -r**3 - 119*r**2 + 8*r + 739. Determine b(-119).
-213
Let k(o) = o**2 + 364*o + 32159. Give k(-189).
-916
Let y(r) = 17228*r + 344971. Calculate y(-20).
411
Let j(d) = -11744*d**2 - 516736*d + 10. Calculate j(-44).
10
Let v(h) = 2*h**3 - 193*h**2 - 60*h - 5228. What is v(97)?
-1639
Let c(h) = 481*h**2 + 3359*h - 67. What is c(-7)?
-11
Let q(o) = o**3 + 159*o**2 + 290*o + 46111. Determine q(-159).
1
Let b(k) = -7144*k + 157125. Calculate b(22).
-43
Let v(y) = -y**2 + 48*y - 362. Give v(6).
-110
Let m(i) = -2178*i - 638128. Determine m(-293).
26
Let p(q) = -4754*q - 9545. Determine p(-2).
-37
Let p(o) = -2*o**3 - 8*o**2 - 379*o - 1946. Give p(-5).
-1
Let x(z) = -5*z**2 - 182*z + 365. Calculate x(-35).
610
Let t(q) = 2*q**3 + 69*q**2 + 426*q + 6488. Calculate t(-31).
9
Let d(u) = -u**2 + 2426*u - 28964. Calculate d(12).
4
Let y(d) = -75*d**2 + 2343*d + 4684. Give y(-2).
-302
Let b(c) = 2051*c + 12200. Determine b(-6).
-106
Let k(f) = -89*f**2 - 26165*f + 189. What is k(-294)?
-105
Let q(a) = 6*a**3 + 17*a**2 + a + 122. Determine q(-6).
-568
Let t(m) = 2991*m + 17914. What is t(-6)?
-32
Let r(j) = 5085*j + 1849. Determine r(-1).
-3236
Let o(g) = g**2 - 29*g - 41193. Calculate o(-189).
9
Let h(x) = -23*x + 1012. Determine h(45).
-23
Let k(c) = -c**3 - 12*c**2 - 4199*c - 37565. Determine k(-9).
-17
Let i(o) = -138902*o + 25974662. Determine i(187).
-12
Let j(v) = 2*v**3 + 587*v**2 - 7012*v + 987. Calculate j(-305).
72
Let j(q) = -320*q**2 + 3866*q + 3866. What is j(-1)?
-320
Let t(d) = -52410*d + 890936. Calculate t(17).
-34
Let x(u) = u**2 - 876*u - 5210. Determine x(-6).
82
Let b(t) = -2968*t + 104158. Give b(34).
3246
Let r(g) = 5*g**2 - 36174*g + 253136. What is r(7)?
163
Let t(r) = -12111*r + 73083. Determine t(6).
417
Let c(o) = -o**2 - 132*o + 488. Calculate c(5).
-197
Let w(b) = 2*b**2 + 113*b + 1080. What is w(-40)?
-240
Let j(f) = -184196*f - 1473585. Give j(-8).
-17
Let q(k) = -k**3 + 84*k**2 - 512*k - 12233. Give q(75).
-8
Let w(c) = 3946*c + 7864. What is w(-2)?
-28
Let y(x) = -x**3 - 121*x**2 + 7863*x + 928888. Determine y(-124).
4
Let y(f) = -f**3 - 39*f**2 - 78*f + 1602. Determine y(-36).
522
Let i(f) = -f**2 - 67*f - 2615. Give i(-54).
-1913
Let d(g) = 2652*g - 323547. Determine d(122).
-3
Let r(n) = 18*n + 592. Determine r(15).
862
Let t(a) = -713*a + 9682. Determine t(15).
-1013
Let b(l) = 1895*l - 2212. What is b(1)?
-317
Let g(o) = -4*o**2 + 120*o - 9. Determine g(2).
215
Let t(g) = g**3 + 127*g**2 + 146*g + 820. Give t(-126).
-1700
Let w(k) = -24*k**2 - 255*k + 4556. Give w(-20).
56
Let v(d) = 745*d**2 + 90171*d + 3135. Determine v(-121).
-11
Let f(k) = 3017*k + 90513. What is f(-30)?
3
Let i(o) = o**3 + 29*o**2 + 107*o + 1432. Determine i(-27).
1
Let s(q) = 66*q**2 + 829*q + 827. Give s(-1).
64
Let v(g) = -49*g**2 + 1228*g - 1285. Determine v(24).
-37
Let j(k) = -4*k**3 - 73*k**2 + 2*k + 375. What is j(-18)?
15
Let i(k) = 4521*k + 126610. Determine i(-28).
22
Let k(z) = 52*z**2 - 35949*z - 35947. Calculate k(-1).
54
Let m(a) = -10*a**3 + 95*a**2 + 82*a - 342. What is m(10)?
-22
Let o(j) = -39*j**2 - 314*j + 945. Give o(3).
-348
Let y(s) = 3*s**3 + 101*s**2 + 28*s - 388. Give y(-33).
866
Let f(d) = -d**2 - 72*d + 1537. Calculate f(15).
232
Let m(d) = -61*d**2 + 1151*d - 84. Calculate m(22).
-4286
Let x(r) = -r**3 + 15*r**2 - 62*r + 89. Calculate x(9).
17
Let j(u) = 2490*u - 933782. Give j(375).
-32
Let v(y) = -897*y + 42168. Calculate v(47).
9
Let f(m) = 182*m - 38671. Determine f(215).
459
Let o(t) = 57*t**2 - 601*t - 117592. What is o(51)?
14
Let n(d) = 3*d**3 - 41*d**2 + 155*d - 1484. Give n(13).
193
Let y(a) = -239*a + 14754. Calculate y(61).
175
Let y(f) = 344*f - 20149. Calculate y(60).
491
Let w(v) = -2*v**3 - 81*v**2 - 825*v - 937. Calculate w(-12).
755
Let g(n) = -88*n**3 - 796*n**2 - 22*n - 2. What is g(-9)?
-128
Let g(l) = -2*l**2 + 925*l + 21311. What is g(-22)?
-7
Let v(s) = -235*s**3 - 10*s**2 - 14*s + 9. Calculate v(-2).
1877
Let u(h) = 101*h**2 + 1920*h + 35. Give u(-19).
16
Let o(x) = -1686*x**2 + 458594*x - 554. Give o(272).
-10
Let y(h) = -73*h**2 - 1535*h - 1515. Give y(-20).
-15
Let a(y) = 2*y**2 + 1237*y + 11110. Determine a(-9).
139
Let t(l) = -13521*l + 486764. Calculate t(36).
8
Let u(z) = -598*z + 6708. Calculate u(13).
-1066
Let y(d) = -2*d**2 + 1126*d - 107690. Determine y(122).
-86
Let c(d) = d**3 - 39*d**2 - 557*d + 18125. Determine c(42).
23
Let o(r) = r**3 + 285*r**2 + 229*r - 15434. What is o(-284)?
186
Let i(v) = -12951*v + 16240549. Give i(1254).
-5
Let m(w) = -60*w**2 + 14541*w - 14540. What is m(1)?
-59
Let n(a) = 91*a**3 - 9*a**2 + 91*a - 142. Determine n(2).
732
Let o(d) = -762*d - 2789. Give o(-3).
-503
